e?
False
Is 179021 prime?
True
Is 386457 a composite number?
True
Is 52597 composite?
True
Is 4583 a prime number?
True
Is 39383 a composite number?
False
Is 447463 composite?
False
Is 312701 prime?
True
Is 356491 composite?
True
Is 116419 a composite number?
True
Is 923 a prime number?
False
Is 34457 a prime number?
True
Is 18583 a prime number?
True
Is 4378921 a prime number?
False
Is 10903 a composite number?
False
Is 48145 a composite number?
True
Is 20437 prime?
False
Is 780389 composite?
False
Is 15033 prime?
False
Is 22177 a prime number?
False
Is 7093 a composite number?
True
Is 917 composite?
True
Is 69929 a composite number?
False
Is 233153 prime?
False
Is 2063 a prime number?
True
Is 1727407 prime?
False
Is 485 composite?
True
Is 100693 prime?
True
Is 6421 a composite number?
False
Is 582851 a prime number?
True
Is 467407 prime?
False
Is 33179 prime?
True
Is 1405457 a prime number?
False
Is 81109 a composite number?
True
Is 342709 composite?
True
Is 22403 a prime number?
False
Is 298465 a composite number?
True
Is 44293 a prime number?
True
Is 27505 a composite number?
True
Is 399759 a composite number?
True
Is 191629 a prime number?
False
Is 379 a composite number?
False
Is 131873 composite?
True
Is 36761 a composite number?
False
Is 17783 prime?
True
Is 107377 prime?
True
Is 5317 a prime number?
False
Is 809857 composite?
True
Is 149749 a prime number?
True
Is 153557 a composite number?
False
Is 28343 prime?
False
Is 2243663 composite?
False
Is 4547 a prime number?
True
Is 4101837 composite?
True
Is 303341 a prime number?
True
Is 39419 composite?
False
Is 1987 a prime number?
True
Is 56361 composite?
True
Is 456319 a composite number?
True
Is 30721 composite?
True
Is 15017 a prime number?
True
Is 12781 prime?
True
Is 1481 a composite number?
False
Is 109751 a composite number?
False
Is 45093 a composite number?
True
Is 2705 a prime number?
False
Is 10529 prime?
True
Is 55147 a prime number?
True
Is 11863 a composite number?
False
Is 305717 a prime number?
True
Is 2862683 a prime number?
True
Is 3263 composite?
True
Is 5069 a prime number?
False
Is 4111 composite?
False
Is 33119 prime?
True
Is 7411 composite?
False
Is 490097 prime?
True
Is 24271 prime?
False
Is 14519 prime?
True
Is 296705 prime?
False
Is 10291 a composite number?
True
Is 5981 a composite number?
False
Is 43207 prime?
True
Is 1579723 a prime number?
True
Is 139933 prime?
False
Is 197707 a prime number?
False
Is 462395 a composite number?
True
Is 456037 composite?
False
Is 398887 composite?
False
Is 75079 prime?
True
Is 717403 prime?
False
Is 849857 prime?
True
Is 160073 composite?
False
Is 23447 prime?
True
Is 901 a composite number?
True
Is 65951 a prime number?
True
Is 28895 a prime number?
False
Is 16387 a composite number?
True
Is 12769 a composite number?
True
Is 19099 composite?
True
Is 3749 a composite number?
True
Is 84611 composite?
True
Is 6541 prime?
False
Is 29083 prime?
False
Is 16181 a composite number?
True
Is 16519 composite?
False
Is 92585 prime?
False
Is 7891 a composite number?
True
Is 246151 a composite number?
False
Is 69737 a prime number?
True
Is 490001 a prime number?
True
Is 25439 a composite number?
False
Is 538987 composite?
False
Is 28387 prime?
True
Is 11299 composite?
False
Is 129 prime?
False
Is 145 a composite number?
True
Is 699 a composite number?
True
Is 28499 a prime number?
True
Is 81331 a prime number?
True
Is 188519 prime?
True
Is 47003 prime?
False
Is 4139 a prime number?
True
Is 133573 prime?
False
Is 6371393 a composite number?
True
Is 168577 prime?
False
Is 97 a composite number?
False
Is 3346279 a composite number?
False
Is 56113 a prime number?
True
Is 23339 a composite number?
False
Is 799 a prime number?
False
Is 109357 prime?
True
Is 153921 a composite number?
True
Is 151091 a prime number?
True
Is 509 prime?
True
Is 21799 composite?
False
Is 2474 a prime number?
False
Is 571747 composite?
True
Is 291355 a prime number?
False
Is 61259 a prime number?
False
Is 859685 a prime number?
False
Is 34241 a composite number?
True
Is 10315 a composite number?
True
Is 102271 composite?
True
Is 228647 a prime number?
True
Is 1087 a composite number?
False
Is 25793 composite?
False
Is 138619 composite?
True
Is 77251 prime?
False
Is 212959 prime?
False
Is 94049 prime?
True
Is 604907 composite?
False
Is 260149 a prime number?
False
Is 145247 a composite number?
True
Is 6977 a prime number?
True
Is 231995 a composite number?
True
Is 75931 composite?
False
Is 965337 composite?
True
Is 15019 a prime number?
False
Is 2138 composite?
True
Is 180022 a composite number?
True
Is 958871 a composite number?
False
Is 23189 a composite number?
False
Is 179261 prime?
True
Is 104219 a composite number?
True
Is 92762 a prime number?
False
Is 2740453 composite?
False
Is 1523899 a prime number?
False
Is 54037 a prime number?
True
Is 15107 a composite number?
False
Is 27437 a prime number?
True
Is 59 a prime number?
True
Is 476701 composite?
False
Is 1249 prime?
True
Is 1372205 composite?
True
Is 8501 prime?
True
Is 13247 composite?
True
Is 2018 prime?
False
Is 2361543 a prime number?
False
Is 93 prime?
False
Is 1046213 prime?
False
Is 27358 prime?
False
Is 44467 a composite number?
True
Is 5893 a prime number?
False
Is 5311 a composite number?
True
Is 75367 prime?
True
Is 6467 a composite number?
True
Is 3505 a composite number?
True
Is 1901 a composite number?
False
Is 8767 a composite number?
True
Is 214 a prime number?
False
Is 47015 prime?
False
Is 4507981 composite?
False
Is 27771 prime?
False
Is 34107 a composite number?
True
Is 108479 prime?
False
Is 2304515 a composite number?
True
Is 1615541 a composite number?
False
Is 68777 composite?
False
Is 2913 a prime number?
False
Is 17774 a composite number?
True
Is 3163 a composite number?
False
Is 571295 a prime number?
False
Is 171233 a prime number?
True
Is 722431 prime?
True
Is 30673 composite?
True
Is 35791 a composite number?
True
Is 423671 a prime number?
False
Is 67927 prime?
True
Is 14303 a prime number?
True
Is 820337 a composite number?
True
Is 222503 composite?
True
Is 5779 a prime number?
True
Is 2304893 composite?
False
Is 267947 a prime number?
False
Is 1527 composite?
True
Is 19443 a composite number?
True
Is 18211 composite?
False
Is 116135 a composite number?
True
Is 506543 composite?
True
Is 24751 composite?
True
Is 4469 a prime number?
False
Is 28189 composite?
True
Is 28051 prime?
True
Is 4375055 composite?
True
Is 1597 a composite number?
False
Is 310547 a prime number?
True
Is 296431 composite?
True
Is 640793 prime?
True
Is 2393 a prime number?
True
Is 267469 a prime number?
True
Is 90149 prime?
True
Is 10007 a prime number?
True
Is 50459 prime?
True
Is 116159 a prime number?
True
Is 265477 prime?
False
Is 59921 prime?
True
Is 1023403 a prime number?
False
Is 84619 prime?
False
Is 107729 a composite number?
True
Is 437263 a prime number?
True
Is 384277 composite?
False
Is 69049 prime?
False
Is 43679 a prime number?
False
Is 65319 a composite number?
True
Is 1462859 prime?
False
Is 261007 composite?
True
Is 6731 prime?
False
Is 5199 a prime number?
False
Is 19043 a prime number?
False
Is 677747 composite?
True
Is 430691 prime?
True
Is 7907 a composite number?
False
Is 122537 a prime number?
False
Is 201653 a prime number?
True
Is 797219 composite?
True
Is 102901 prime?
False
Is 7393 composite?
False
Is 6341 a composite number?
True
Is 94291 prime?
True
Is 45707 prime?
True
Is 1291189 composite?
True
Is 10427 composite?
False
Is 22739 a prime number?
True
Is 8743 a composite number?
True
Is 3593 a prime number?
True
Is 324799 prime?
True
Is 5971 composite?
True
Is 177067 a composite number?
True
Is 18041 prime?
True
Is 183355 prime?
False
Is 46621 prime?
False
Is 551 a composite number?
True
Is 31 a composite number?
False
Is 993079 a prime number?
True
Is 11197 composite?
False
Is 83703 composite?
True
Is 3227 prime?
False
Is 17897 composite?
True
Is 121 composite?
True
Is 27769 a prime number?
False
Is 188119 prime?
False
Is 1511 a prime number?
True
Is 2333 a composite number?
False
Is 27611 a composite number?
False
Is 131863 a composite number?
True
Is 8081 a prime number?
True
Is 36943 a composite number?
False
Is 8779 a composite number?
False
Is 966971 prime?
True
